True
Is 57 a factor of 124059?
False
Does 60 divide 203280?
True
Is 8 a factor of 4374248?
True
Is 207 a factor of 719354?
False
Is 163824 a multiple of 3?
True
Does 260 divide 548600?
True
Is 4254320 a multiple of 40?
True
Is 52 a factor of 7909367?
False
Is 217 a factor of 5294366?
True
Is 11 a factor of 2530050?
False
Is 1773780 a multiple of 72?
False
Is 8518 a multiple of 13?
False
Is 23 a factor of 4272493?
False
Does 73 divide 130159?
True
Is 14592 a multiple of 24?
True
Is 3429308 a multiple of 74?
True
Is 8913372 a multiple of 51?
True
Does 12 divide 766694?
False
Does 39 divide 40209?
True
Does 17 divide 50176?
False
Is 19 a factor of 9261949?
True
Is 1210890 a multiple of 181?
True
Does 14 divide 428791?
False
Is 12 a factor of 143951?
False
Is 53 a factor of 17702490?
False
Is 29 a factor of 151740?
False
Is 3 a factor of 273522?
True
Is 174453 a multiple of 252?
False
Is 3 a factor of 96021?
True
Is 1691040 a multiple of 156?
True
Is 30 a factor of 256740?
True
Is 156 a factor of 5694156?
True
Does 61 divide 246762?
False
Does 31 divide 40721?
False
Does 79 divide 177910?
False
Does 4 divide 13989?
False
Is 28 a factor of 119560?
True
Is 318 a factor of 1208718?
True
Is 12 a factor of 826469?
False
Does 12 divide 44324160?
True
Is 120 a factor of 182326?
False
Does 952 divide 11039458?
False
Is 39447 a multiple of 4?
False
Does 33 divide 2470248?
True
Is 11 a factor of 147510?
True
Is 179998 a multiple of 301?
True
Is 3829 a multiple of 10?
False
Is 25 a factor of 108266?
False
Is 18 a factor of 97102?
False
Is 266 a factor of 588996?
False
Does 17 divide 281139?
False
Does 90 divide 1221127?
False
Does 482 divide 6931740?
False
Does 95 divide 1576050?
True
Is 1162336 a multiple of 13?
False
Is 285 a factor of 2901?
False
Does 33 divide 37191?
True
Is 567160 a multiple of 22?
True
Is 5651227 a multiple of 1038?
False
Is 884 a factor of 101877?
False
Is 11674 a multiple of 3?
False
Does 19 divide 5046609?
True
Does 7 divide 194306?
True
Is 5010374 a multiple of 211?
False
Is 31 a factor of 1398069?
True
Is 52 a factor of 1118676?
True
Is 17 a factor of 8162278?
True
Is 268 a factor of 104788?
True
Is 1184232 a multiple of 636?
True
Does 20 divide 17221420?
True
Is 9 a factor of 643383?
True
Does 114 divide 170658?
True
Is 84240 a multiple of 27?
True
Is 40 a factor of 54720?
True
Is 19 a factor of 691115?
False
Is 30203 a multiple of 14?
False
Is 42 a factor of 319536?
True
Does 10 divide 1045378?
False
Is 10 a factor of 5175097?
False
Is 96 a factor of 716305?
False
Is 103 a factor of 16220749?
True
Does 164 divide 107912?
True
Is 5 a factor of 432592?
False
Is 5 a factor of 914170?
True
Is 4 a factor of 120914?
False
Is 111 a factor of 799290?
False
Is 13552 a multiple of 2?
True
Is 5 a factor of 445921?
False
Is 5249692 a multiple of 28?
True
Is 211308 a multiple of 12?
True
Is 7 a factor of 92141?
True
Is 9 a factor of 381600?
True
Is 158400 a multiple of 240?
True
Does 628 divide 4897144?
True
Does 195 divide 518310?
True
Is 5517954 a multiple of 39?
True
Is 11 a factor of 3016791?
False
Is 65598 a multiple of 377?
True
Is 751150 a multiple of 415?
True
Does 270 divide 233280?
True
Is 480 a factor of 1813920?
True
Does 16 divide 4634032?
True
Is 308475 a multiple of 5?
True
Is 853 a factor of 224058?
False
Is 3261969 a multiple of 879?
True
Is 116947 a multiple of 309?
False
Does 103 divide 931200?
False
Does 176 divide 75856?
True
Does 8 divide 479704?
True
Is 9 a factor of 138910?
False
Is 1306686 a multiple of 414?
False
Is 699992 a multiple of 68?
True
Is 5 a factor of 1081852?
False
Is 681915 a multiple of 269?
True
Does 102 divide 76806?
True
Does 35 divide 325605?
True
Is 17352 a multiple of 18?
True
Does 139 divide 1613614?
False
Is 804250 a multiple of 25?
True
Is 331 a factor of 416544?
False
Is 88044 a multiple of 3?
True
Is 3236276 a multiple of 31?
True
Is 6292 a multiple of 44?
True
Is 16 a factor of 73136?
True
Is 113 a factor of 214533?
False
Does 63 divide 108360?
True
Does 3 divide 66631?
False
Does 38 divide 263796?
True
Is 13 a factor of 2981888?
True
Does 10 divide 5289100?
True
Is 19475478 a multiple of 297?
True
Is 89572 a multiple of 98?
True
Is 7249290 a multiple of 10?
True
Is 46207 a multiple of 7?
True
Is 352 a factor of 394621?
False
Does 19 divide 1688093?
True
Does 10 divide 114950?
True
Does 1121 divide 2871496?
False
Does 727 divide 3322007?
False
Is 108 a factor of 172295?
False
Does 80 divide 293247?
False
Is 579 a factor of 309921?
False
Does 11 divide 4792392?
True
Does 2 divide 373198?
True
Does 112 divide 91109?
False
Does 12 divide 34140?
True
Is 14 a factor of 3432856?
True
Is 12 a factor of 217164?
True
Is 89794 a multiple of 28?
False
Is 1840887 a multiple of 27?
True
Is 5 a factor of 26610?
True
Is 189 a factor of 79758?
True
Is 11 a factor of 180475?
False
Does 30 divide 890670?
True
Is 21 a factor of 106101?
False
Is 483 a factor of 310339?
False
Is 407362 a multiple of 25?
False
Is 7 a factor of 27202?
True
Is 7 a factor of 12469737?
True
Is 31 a factor of 1343403?
False
Does 477 divide 3230244?
True
Is 109 a factor of 18530?
True
Does 3 divide 91131?
True
Does 205 divide 8778715?
True
Is 215 a factor of 15429690?
True
Does 648 divide 7283520?
True
Is 14 a factor of 17924564?
True
Is 14 a factor of 287600?
False
Does 283 divide 313847?
True
Is 462722 a multiple of 17?
False
Is 33 a factor of 225126?
True
Does 18 divide 128970?
True
Does 35 divide 5425?
True
Does 38 divide 6201384?
False
Is 38 a factor of 290180?
False
Is 830788 a multiple of 149?
False
Is 10 a factor of 1240424?
False
Is 318 a factor of 144269?
False
Is 2930144 a multiple of 206?
True
Is 15453 a multiple of 101?
True
Is 7 a factor of 172493?
False
Is 910 a factor of 1000090?
True
Is 23996 even?
True
Is 28 a factor of 11536700?
True
Is 567494 a multiple of 13?
False
Does 261 divide 1930629?
False
Is 3 a factor of 175205?
False
Does 53 divide 781167?
True
Is 55 a factor of 3168660?
True
Does 213 divide 78114?
False
Does 19 divide 280651?
False
Is 182 a factor of 27856?
False
Does 302 divide 196751?
False
Is 178 a factor of 201484?
False
Is 92792 a multiple of 37?
False
Is 730658 a multiple of 53?
True
Is 39 a factor of 2202135?
True
Is 9602219 a multiple of 15?
False
Is 8 a factor of 88240?
True
Is 239 a factor of 914739?
False
Is 73 a factor of 796722?
True
Does 71 divide 95637?
True
Does 27 divide 1123038?
True
Is 694 a factor of 3571324?
True
Does 1464 divide 15398352?
True
Is 1648304 a multiple of 31?
False
Is 110 a factor of 33660?
True
Does 79 divide 3268230?
True
Is 29 a factor of 225116?
False
Does 50 divide 36400?
True
Is 478019 a multiple of 10?
False
Does 45 divide 513135?
True
Is 61 a factor of 35839?
False
Is 4140996 a multiple of 318?
True
Is 1359973 a multiple of 34?
False
Is 155 a factor of 1507600?
False
Is 26 a factor of 412152?
True
Is 2 a factor of 15304?
True
Is 1936090 a multiple of 689?
True
Does 9 divide 188757?
True
Is 3897454 a multiple of 17?
True
Does 752 divide 107536?
True
Does 651 divide 2136022?
False
Is 55844 a multiple of 38?
False
Is 91 a factor of 569023?
True
Does 37 divide 9147103?
True
Is 2207776 a multiple of 8?
True
Is 36140 a multiple of 13?
True
Does 23 divide 104389?
False
Is 1129792 a multiple of 12?
False
Does 75 divide 12554025?
True
Does 279 divide 1050156?
True
Does 6 divide 521419?
False
Is 13 a factor of 5891299?
False
Does 18 divide 2967?
False
Is 14741 a multiple of 177?
False
Is 199398 a multiple of 398?
True
Is 98 a factor of 3340526?
True
Is 165 a factor of 70363?
False
Is 37951 a multiple of 22?
False
Is 1223047 a multiple of 22?
False
Does 47 divide 639952?
True
Is 86 a factor of 13572711?
False
Does 647 divide 8850313?
True
Is 132604 a multiple of 4?
True
Does 106 divide 82998?
True
Does 248 divide 3219315?
False
Is 892 a factor of 2272380?
False
Is 77 a factor of 349065?
False
Is 26 a factor of 1186718?
True
Is 8697244 a multiple of 4?
True
Does 155 divide 9607191?
False
Is 583598 a multiple of 206?
True
Does 113 divide 636371?
False
Is 9 a factor of 107370?
True
Is 266868 a multiple of 36?
True
Does 35 divide 87101?
False
Is 187 a factor of 4902579?
True
Is 23459136 a multiple of 931?
False
Is 7569 even?
False
Is 173888 a multiple of 352?
True
Does 11